{"id":21,"date":"2020-03-02T15:46:09","date_gmt":"2020-03-02T15:46:09","guid":{"rendered":"http:\/\/web2.frangen.de\/?page_id=21"},"modified":"2021-12-12T19:48:34","modified_gmt":"2021-12-12T19:48:34","slug":"praeventionskurse-2020","status":"publish","type":"page","link":"https:\/\/at-in-krefeld.de\/","title":{"rendered":"Pr\u00e4ventionskurse 2022"},"content":{"rendered":"\n<figure class=\"wp-block-image size-large is-resized\"><img loading=\"lazy\" src=\"http:\/\/web2.frangen.de\/wp-content\/uploads\/2020\/03\/ich-1.jpg\" alt=\"\" class=\"wp-image-60\" width=\"142\" height=\"139\" srcset=\"https:\/\/at-in-krefeld.de\/wp-content\/uploads\/2020\/03\/ich-1.jpg 328w, https:\/\/at-in-krefeld.de\/wp-content\/uploads\/2020\/03\/ich-1-300x294.jpg 300w\" sizes=\"(max-width: 142px) 100vw, 142px\" \/><\/figure>\n\n\n\n<p>Ich biete nach den Weihnachtsferien wieder Pr\u00e4zenskurse an, in der Hoffnung das wir alle diese Pandemie nun hinter uns haben. Sollte es nicht m\u00f6glich sein, vor Ort zu arbeiten,<br>werden die Kurse ersatzweise Online durchgef\u00fchrt.<\/p>\n\n\n\n<p><\/p>\n\n\n\n<p>Alle nachfolgenden Kurse, werden von Ihrer gesetzlichen Krankenkasse mit mindestens 70 % des Teilnehmerbeitrages gef\u00f6rdert.  Fragen Sie Ihr Krankenkasse ! <\/p>\n\n\n\n<p>Sie m\u00fcssen den Kurs weder durch eine \/ einen MedizinerIn verschreiben bekommen, noch einen Antrag bei Ihrer Kasse stellen.<br>Entspannungskurse dienen der Vorbeugung \/ Pr\u00e4vention und werden aus entsprechenden F\u00f6rdert\u00f6pfen allen Versicherten angeboten !<\/p>\n\n\n\n<p>Am Ende des Kurses erhalten Sie eine Teilnahmebescheinigung, mit deren Vorlage bei Kasse Sie eine entsprechende R\u00fcckzahlung erhalten. <br>Bei meinen Kursen finden Sie eine Kurs-ID. Mit dieser k\u00f6nnen Sie auch gerne vorab, bei Ihrer GKV nachfragen. <\/p>\n\n\n\n<p>Sie ben\u00f6tigen Hilfe &#8211; rufen Sie mich an ! <\/p>\n\n\n\n<p><\/p>\n","protected":false},"excerpt":{"rendered":"<p>Ich biete nach den Weihnachtsferien wieder Pr\u00e4zenskurse an, in der Hoffnung das wir alle diese Pandemie nun hinter uns haben. Sollte es nicht m\u00f6glich sein, vor Ort zu arbeiten,werden die Kurse ersatzweise Online durchgef\u00fchrt. Alle nachfolgenden Kurse, werden von Ihrer gesetzlichen Krankenkasse mit mindestens 70 % des Teilnehmerbeitrages gef\u00f6rdert. Fragen Sie Ihr Krankenkasse ! Sie &hellip; <\/p>\n<p class=\"link-more\"><a href=\"https:\/\/at-in-krefeld.de\/\" class=\"more-link\"><span class=\"screen-reader-text\">\u201ePr\u00e4ventionskurse 2022\u201c<\/span> weiterlesen<\/a><\/p>\n","protected":false},"author":1,"featured_media":0,"parent":0,"menu_order":0,"comment_status":"closed","ping_status":"closed","template":"","meta":[],"_links":{"self":[{"href":"https:\/\/at-in-krefeld.de\/index.php?rest_route=\/wp\/v2\/pages\/21"}],"collection":[{"href":"https:\/\/at-in-krefeld.de\/index.php?rest_route=\/wp\/v2\/pages"}],"about":[{"href":"https:\/\/at-in-krefeld.de\/index.php?rest_route=\/wp\/v2\/types\/page"}],"author":[{"embeddable":true,"href":"https:\/\/at-in-krefeld.de\/index.php?rest_route=\/wp\/v2\/users\/1"}],"replies":[{"embeddable":true,"href":"https:\/\/at-in-krefeld.de\/index.php?rest_route=%2Fwp%2Fv2%2Fcomments&post=21"}],"version-history":[{"count":8,"href":"https:\/\/at-in-krefeld.de\/index.php?rest_route=\/wp\/v2\/pages\/21\/revisions"}],"predecessor-version":[{"id":162,"href":"https:\/\/at-in-krefeld.de\/index.php?rest_route=\/wp\/v2\/pages\/21\/revisions\/162"}],"wp:attachment":[{"href":"https:\/\/at-in-krefeld.de\/index.php?rest_route=%2Fwp%2Fv2%2Fmedia&parent=21"}],"curies":[{"name":"wp","href":"https:\/\/api.w.org\/{rel}","templated":true}]}}